{"id":2,"date":"2014-02-07T07:16:22","date_gmt":"2014-02-07T07:16:22","guid":{"rendered":"http:\/\/drauvelita.lt\/?page_id=2"},"modified":"2024-03-18T17:08:48","modified_gmt":"2024-03-18T15:08:48","slug":"partneriai","status":"publish","type":"page","link":"https:\/\/drauvelita.lt\/?page_id=2","title":{"rendered":"Partneriai"},"content":{"rendered":"<p style=\"text-align: justify;\">Dirbame su visomis draudimo bendrov\u0117mis, vykdan\u010diomis gyvyb\u0117s ir ne gyvyb\u0117s draudimo veikl\u0105 Lietuvoje:<\/p>\n<table border=\"0\">\n<tbody>\n<tr>\n<td style=\"text-align: center;\"><a title=\"Lietuvos draudimas\" href=\"http:\/\/www.ld.lt\" target=\"_blank\" rel=\"noopener\"><img loading=\"lazy\" decoding=\"async\" class=\"alignnone wp-image-194\" src=\"\/images\/ld.gif\" alt=\"\" width=\"161\" height=\"72\" \/><\/a><\/td>\n<td style=\"text-align: center;\"><a href=\"http:\/\/www.if.lt\" target=\"_blank\" rel=\"noopener\"><img loading=\"lazy\" decoding=\"async\" class=\"alignnone wp-image-195\" src=\"\/images\/if.gif\" alt=\"\" width=\"72\" height=\"72\" \/><\/a><\/td>\n<\/tr>\n<tr>\n<td style=\"text-align: center;\"><a href=\"http:\/\/www.compensa.lt\/\" target=\"_blank\" rel=\"noopener\"><img loading=\"lazy\" decoding=\"async\" class=\"alignnone size-full wp-image-196\" title=\"17_db_logo\" src=\"\/images\/compe_logo.jpg\" alt=\"\" width=\"140\" height=\"42\" \/><\/a><\/td>\n<td style=\"text-align: center;\"><a href=\"http:\/\/www.lamantinas.lt\/\" target=\"_blank\" rel=\"noopener\"><img loading=\"lazy\" decoding=\"async\" class=\"alignnone wp-image-197\" src=\"\/images\/lamantinas.png\" alt=\"\" width=\"180\" height=\"80\" \/><\/a><\/td>\n<\/tr>\n<tr>\n<td style=\"text-align: center;\"><a href=\"http:\/\/www.bta.lt\/\" target=\"_blank\" rel=\"noopener\"><img loading=\"lazy\" decoding=\"async\" class=\"alignnone size-full wp-image-198\" src=\"\/images\/bta.jpg\" alt=\"\" width=\"149\" height=\"58\" \/><\/a><\/td>\n<td style=\"text-align: center;\"><\/td>\n<\/tr>\n<tr>\n<td style=\"text-align: center;\"><a href=\"http:\/\/www.gjensidige.lt\"><img loading=\"lazy\" decoding=\"async\" class=\"alignnone wp-image-134\" src=\"https:\/\/drauvelita.lt\/wp-content\/uploads\/gjensidige_horizontal_logo_web_maz.png\" alt=\"gjensidige_horizontal_logo_web_maz\" width=\"205\" height=\"51\" srcset=\"https:\/\/drauvelita.lt\/wp-content\/uploads\/gjensidige_horizontal_logo_web_maz.png 1498w, https:\/\/drauvelita.lt\/wp-content\/uploads\/gjensidige_horizontal_logo_web_maz-300x75.png 300w, https:\/\/drauvelita.lt\/wp-content\/uploads\/gjensidige_horizontal_logo_web_maz-768x191.png 768w, https:\/\/drauvelita.lt\/wp-content\/uploads\/gjensidige_horizontal_logo_web_maz-1024x255.png 1024w\" sizes=\"auto, (max-width: 205px) 100vw, 205px\" \/><\/a><\/td>\n<td style=\"text-align: center;\"><a href=\"http:\/\/www.bonumpublicum.lt\/\" target=\"_blank\" rel=\"noopener\"><img loading=\"lazy\" decoding=\"async\" class=\"alignnone size-full wp-image-556\" title=\"bonum_publicum\" src=\"\/images\/bonum_publicum.png\" alt=\"\" width=\"109\" height=\"72\" \/><\/a><\/td>\n<\/tr>\n<tr>\n<td style=\"text-align: center;\"><a href=\"https:\/\/drauvelita.lt\/wp-content\/uploads\/ERGO_Red_RGB.png\"><img loading=\"lazy\" decoding=\"async\" class=\"alignnone  wp-image-172\" src=\"https:\/\/drauvelita.lt\/wp-content\/uploads\/ERGO_Red_RGB.png\" alt=\"\" width=\"194\" height=\"87\" srcset=\"https:\/\/drauvelita.lt\/wp-content\/uploads\/ERGO_Red_RGB.png 1000w, https:\/\/drauvelita.lt\/wp-content\/uploads\/ERGO_Red_RGB-300x135.png 300w, https:\/\/drauvelita.lt\/wp-content\/uploads\/ERGO_Red_RGB-768x345.png 768w\" sizes=\"auto, (max-width: 194px) 100vw, 194px\" \/><\/a><\/td>\n<td style=\"text-align: center;\"><a href=\"http:\/\/www.seb.lt\/pow\/wcp\/seblt.asp?ss=\/pow\/wcp\/templates\/sebcollection.cfmc.asp%3FDUID%3DDUID_900F0BA49ECDC6A7C1257433004F8D97%26xsl%3Dlt%26sitekey%3Dseb.lt\"><img loading=\"lazy\" decoding=\"async\" class=\"alignnone wp-image-560\" title=\"seb\" src=\"\/images\/seb.png\" alt=\"\" width=\"104\" height=\"50\" \/><\/a><\/td>\n<\/tr>\n<tr>\n<td style=\"text-align: center;\"><a href=\"\/images\/mppfb.jpg\"><img loading=\"lazy\" decoding=\"async\" class=\"alignnone wp-image-203\" src=\"\/images\/mppfb.jpg\" alt=\"\" width=\"124\" height=\"59\" \/><\/a><\/td>\n<td style=\"text-align: center;\"><a href=\"http:\/\/www.mandatumlife.fi\/public\/sbd\/hs.nsf\/sections\/frontwww\"><img loading=\"lazy\" decoding=\"async\" class=\"alignnone size-full wp-image-561\" title=\"mandatumlife\" src=\"\/images\/mandatumlife.png\" alt=\"\" width=\"200\" height=\"31\" \/><\/a><\/td>\n<\/tr>\n<tr>\n<td style=\"text-align: center;\"><\/td>\n<td style=\"text-align: center;\"><\/td>\n<\/tr>\n<tr>\n<td style=\"text-align: center;\"><\/td>\n<td style=\"text-align: center;\"><\/td>\n<\/tr>\n<\/tbody>\n<\/table>\n","protected":false},"excerpt":{"rendered":"<p>Dirbame su visomis draudimo bendrov\u0117mis, vykdan\u010diomis gyvyb\u0117s ir ne gyvyb\u0117s draudimo veikl\u0105 Lietuvoje:<\/p>\n","protected":false},"author":1,"featured_media":0,"parent":0,"menu_order":0,"comment_status":"closed","ping_status":"open","template":"","meta":{"footnotes":""},"class_list":["post-2","page","type-page","status-publish","hentry"],"_links":{"self":[{"href":"https:\/\/drauvelita.lt\/index.php?rest_route=\/wp\/v2\/pages\/2","targetHints":{"allow":["GET"]}}],"collection":[{"href":"https:\/\/drauvelita.lt\/index.php?rest_route=\/wp\/v2\/pages"}],"about":[{"href":"https:\/\/drauvelita.lt\/index.php?rest_route=\/wp\/v2\/types\/page"}],"author":[{"embeddable":true,"href":"https:\/\/drauvelita.lt\/index.php?rest_route=\/wp\/v2\/users\/1"}],"replies":[{"embeddable":true,"href":"https:\/\/drauvelita.lt\/index.php?rest_route=%2Fwp%2Fv2%2Fcomments&post=2"}],"version-history":[{"count":20,"href":"https:\/\/drauvelita.lt\/index.php?rest_route=\/wp\/v2\/pages\/2\/revisions"}],"predecessor-version":[{"id":175,"href":"https:\/\/drauvelita.lt\/index.php?rest_route=\/wp\/v2\/pages\/2\/revisions\/175"}],"wp:attachment":[{"href":"https:\/\/drauvelita.lt\/index.php?rest_route=%2Fwp%2Fv2%2Fmedia&parent=2"}],"curies":[{"name":"wp","href":"https:\/\/api.w.org\/{rel}","templated":true}]}}